of (-2)/(-1) + 8 + l?
1
Let n(t) be the third derivative of t**4/24 + 7*t**3/3 + t**2. What is the units digit of n(-8)?
6
Suppose -3*w + 600 = 5*q, 3*q + 0*w = -2*w + 360. Suppose -5*r + q = -2*r. What is the tens digit of r?
4
Suppose -5*i = -3*n + 22, 3*i - 10 = 4*n - 43. Suppose -m + j = -n, 3*j = -2*m + 4*j + 21. What is the units digit of ((-2)/(-3))/(8/m)?
1
Let s(k) = k**2 - k + 97. What is the tens digit of s(0)?
9
Suppose -2*t + 5*r = -35, 0 = 4*t - 2*t + r - 5. Suppose -t*m = -0*m + 20. Let n = m + 5. What is the units digit of n?
1
Let y be (-2)/(-4) - 30/(-4). Suppose y*z - 5*z - 102 = 0. What is the tens digit of z?
3
What is the tens digit of 345 + ((-28)/8 - (-3)/6)?
4
Let k(s) = s**2 + s + 2. Let j be k(0). Let o(f) = -f - 1 + 4*f - 2*f. What is the units digit of o(j)?
1
Let o(u) = -u**3 - 3*u**2 + 2*u + 4. Let q = -8 - -5. Let k be o(q). Let r = k + 5. What is the units digit of r?
3
Suppose 1 = 2*q - 149. Let y = -40 + q. What is the units digit of y?
5
Suppose 0 = 4*n - m - 0*m - 25, -5*n + 40 = -3*m. Suppose n*c - 14 = 31. What is the units digit of c?
9
Let i be -1*(4 + -10) + -1. Suppose 2*s - 4*h + 5 = 75, 4*s - 127 = -i*h. What is the units digit of s?
3
Let o(q) = -q**2 + 5*q - 3. Suppose -21 + 6 = -5*w. What is the units digit of o(w)?
3
Let f(t) = t**2 - 1. Let c(m) = m**2 - 2. Let g(h) = 6*c(h) - 13*f(h). Let l be g(1). Let v = l - -15. What is the units digit of v?
9
Suppose -5*z = -0 - 20. Let q(i) = -i**2 + 8*i. What is the units digit of q(z)?
6
Suppose -2*v = v + 27. Let k(l) = -4 + 12 + 0 + 9*l**2 + l**3. What is the units digit of k(v)?
8
Let i be (-32)/(-12) + 2/6. Suppose -i*z = -8*z + 65. What is the tens digit of z?
1
Suppose -2*u + 593 = 2*l - 289, 3*u = -5*l + 1331. What is the units digit of u?
7
Suppose 4*x - 17 - 554 = -5*m, 3*m + 3*x - 342 = 0. What is the tens digit of m?
1
Suppose 5*m + 1 = 41. Suppose m = 4*f - 3*f. Suppose -25 = 3*r - f*r. What is the units digit of r?
5
Let i = -6 + 8. Suppose i*d - 10 = 54. What is the units digit of d?
2
Let t be 12/(-9)*(-6)/(-4). Let b = t + 5. What is the units digit of b?
3
Let r be (-19)/4 + 3/4. Let f = -1 - r. What is the units digit of f?
3
Suppose 4*h - 2*d - 4 = 112, 5*h + 4*d = 171. Suppose -10 = -5*a + 4*y, -5*y - h = a - 4. What is the units digit of a/5 + (-135)/(-25)?
5
Let q be -2*(-3)/2 - -2. Suppose 4*m + 4*t + t = 40, -50 = -q*m - t. What is the units digit of m?
0
Suppose 16 + 13 = 5*z + 3*b, 4*b = 3*z. Suppose -2*f + 8 = -z. Suppose -f = -u - u. What is the units digit of u?
3
What is the hundreds digit of ((-2)/(-1) + 1)/(12/736)?
1
Let c = -12 - -20. Suppose -2*j = -26 - c. What is the tens digit of j?
1
Let u(j) = 2*j**2 + 11*j + 11. Let l = -28 - -21. What is the tens digit of u(l)?
3
Suppose -5 = -c - 1. Let h = c - 1. Suppose -3*t = -h*z + 3, 0 = -t + 3*t - z. What is the units digit of t?
1
Let v be (-2)/(-4)*(-3 - 1). What is the units digit of 5 + -2 + 2 - v?
7
Let x be (-1 - 0)/((-3)/33). Let i = x - 7. Suppose 0 = -2*a + i*a - 6. What is the units digit of a?
3
Let c be (9/(-3))/(6/4). What is the tens digit of (-2 + c)*-2*3?
2
Let x = 15 - -24. Let l = x - 19. What is the tens digit of l?
2
Let s = -305 + 437. What is the hundreds digit of s?
1
Let h(u) = -u + 2. Let d be h(2). Let j(z) = 0 - 1 + d*z**2 + 2*z + 4*z**2. What is the units digit of j(1)?
5
Suppose 3*n = 4 - 40. Let c = -11 - n. What is the units digit of c?
1
Let a(d) = -d - 14. Let n(o) = -o - 7. Let x be n(0). Let h be a(x). Let r = 6 - h. What is the units digit of r?
3
Suppose 23*b - 24*b + 57 = 0. What is the units digit of b?
7
Let v = -25 - -70. What is the units digit of v?
5
What is the units digit of 2/5 + ((-159)/(-15) - 6)?
5
Let a be 6/(-3) - (-16)/1. What is the tens digit of (-204)/(-21) + 4/a?
1
Suppose 0*d - 10 = d. What is the tens digit of (42/d)/((-7)/70)?
4
Let p = -9 + 15. Suppose 3*g = -4*r + 11, -3*r + p*g - 2*g = -2. Suppose 0 = 3*u - r*o - 23, -10 + 25 = u + 3*o. What is the units digit of u?
9
Suppose 12*y - 9*y - 108 = 0. What is the tens digit of y?
3
Let r(k) = k**3 + 7*k**2 + 3*k + 2. Let g be r(-6). Suppose -2*y + 18 = -g. Let v = 32 - y. What is the tens digit of v?
1
Suppose -3*r + 4 = -4*b, r - 5*b = -r + 5. Suppose -s = -6 - r. Suppose 2*j = 24 - s. What is the units digit of j?
9
Let o be 2/(-3) - (-1132)/6. Suppose 4*z - o = 112. Suppose -z = -3*q - 2*q. What is the units digit of q?
5
What is the units digit of -1*1*(-17 - 0)?
7
Let j(n) = n + 5. Let g be j(-6). What is the tens digit of (g - -2)*(-3 - -14)?
1
Let x = 73 + -43. What is the units digit of x?
0
Let b = -100 + 291. Suppose -3*a - 3*g = -b + 47, 4*a - 4*g = 176. What is the tens digit of a?
4
Suppose 3*q - 7 - 12 = -5*w, w - 14 = -4*q. Suppose q*k - 26 = -11. What is the units digit of k?
5
Let x = -10 + 7. Let l(k) = -k**2 - 7*k + 1. What is the units digit of l(x)?
3
Let u(s) = s + 23. What is the units digit of u(0)?
3
Let i = 7 - -104. What is the units digit of i?
1
Suppose 4*f = 4*o - 16, 0*o = -4*o + 8. Let q be (2/(-3))/(f/(-30)). What is the units digit of 2/(-1*4/q)?
5
Suppose -8*y = -4*y. Suppose 3*t + 4*p - 9 = -0, -2*p = y. Suppose -3*k - 16 = -g + 2*k, -4*k = t*g + 9. What is the units digit of g?
1
Suppose 0 = 2*m - z + 1, -4*m - 6*z - 7 = -3*z. What is the units digit of m*3*4/(-6)?
2
Let w be -1*(-15)/6*2. Suppose q = 3*f - 1 - 14, -4*q = 3*f. Suppose h - 2*j + w*j = 6, f*j = -h + 6. What is the units digit of h?
6
Let r be 0/((-1 - 1) + 0). Let w be -2 + 0 - (-3)/1. Let p = r + w. What is the units digit of p?
1
Let m be 6/18*(14 + 1). Suppose 3*t = m*t - 6. What is the units digit of t?
3
Let p be ((-12)/(-9))/(2/15). Suppose p*i - 8*i - 2 = 0. What is the units digit of i?
1
Suppose -3*r - 7 = -22. Suppose 0 = -r*l + 52 + 148. What is the units digit of l?
0
Let i(g) be the first derivative of -2*g**3 + 2*g - 2. Let c(p) = p**2 + p. Let h(w) = 5*c(w) + i(w). What is the units digit of h(5)?
2
Suppose -13*k + 16*k - 189 = 0. Suppose 7*u - 4*u = k. What is the units digit of u?
1
Let l = 8 - 6. Suppose 5*n - n = -3*t, -l*t - 20 = -4*n. What is the units digit of n?
3
Let j = -90 + 331. What is the tens digit of j?
4
Let m be -2*(-1)/((-6)/27). Let w(v) = -v - 1. What is the units digit of w(m)?
8
Suppose s - 2*s = -2. Let i(o) = -s + 3 + 4*o**2 - 3. What is the units digit of i(-2)?
4
Let w(h) = 6*h**3 + h**2 - 1. Let x be w(1). Suppose 0 = 3*n + x, g + 10 = -n - n. What is the units digit of (-1 - 4)*g/5?
6
Let d be (-15)/30 - (-66)/4. What is the units digit of ((-8)/d)/(1/(-62))?
1
What is the tens digit of 53 + 2/(-5) + (-7)/(-5)?
5
Let s(v) = v**3 + 5*v**2 + 5*v + 2. Let j(o) = o + 1. Let h(i) = j(i) - s(i). Let w be h(-3). Let g = w + 14. What is the units digit of g?
7
What is the units digit of 29/(-3 - 0 - -4)?
9
Let k(z) = -5 + 4*z - 2*z - 2. Let y = -5 - -12. What is the units digit of k(y)?
7
Let x(i) = -6*i + 11. Suppose -p + 3*j - 1 = 0, -4*p + 2*j - j - 26 = 0. What is the tens digit of x(p)?
5
Suppose -3*l + 5*y + 22 = -55, -151 = -5*l - 3*y. Suppose -l = 3*h - 11. What is the units digit of h/4 + (-50)/(-4)?
1
Let g = 7 + -12. Let z(q) = -q**2 - 5*q + 3. Let f be z(g). Suppose 3*a - 12 = -f. What is the units digit of a?
3
Let c(x) = 22*x - 13. Let q be c(-11). Let k be (q/(-6))/((-2)/(-4)). Suppose 4*i - k = -i. What is the units digit of i?
7
Let n(t) = 2*t**2 - 7*t - 20. What is the tens digit of n(9)?
7
Let u(s) = -2*s**2 - s + 2. Let t be u(-3). Let l = -6 - t. What is the units digit of l?
7
Let r be 7/(-4) - 3/(-4). Let y be 3 - r*(-1 + 1). Suppose -3*n + 4 - y = -5*w, 0 = n - 2. What is the units digit of w?
1
Let y = -11 + 15. Suppose -5 = -w - 3*l, -2 = -y*w - 3*l + 18. What is the units digit of w?
5
Let i(a) = -a**2 + 8*a + 13. Let y be ((-4)/6)/(2/(-27)). Let v be i(y). Suppose c = -3*u + 2, v*u = c - 0*c + 5. What is the units digit of u?
1
Let x = -3 + 1. Let h = -2 - -4. What is the units digit of 6/h - 8/x?
7
Suppose -m = -7 + 22. Let h = 40 + m. What is the tens digit of h?
2
Let t be 3*((-2)/(-6) - 0). Suppose f - u + 2 + 1 = 0, -4*f - 2*u = 12. What is the units digit of (f + t + 1)*-3?
3
Let d be (5 - 3)/(6/111). Suppose -4*n - 2*y - d = -121, 4*y + 8 = 0. What is the tens digit of n?
2
Suppose 0*z -